?
True
Suppose -27*v + 24*v - 6397152 = -99*v. Is v a prime number?
False
Let p be 16/(4 + 0) + -4. Let x be (40/(-12))/(2/(-3)) + p. Suppose -4 = -0*d - 2*d, -4*b - x*d = -518. Is b a prime number?
True
Let k = -297841 + 1423556. Is k prime?
False
Suppose 83*z - 10466751 = 14*z - 1051425. Is z composite?
True
Suppose 4*b = -3*m + 15, -2*b = -5 - 1. Let t be 1/(m*1/(-4)). Is (-2342)/2*-2*(-2)/t composite?
False
Let s be (1802/3)/(3 - 388/129). Is s/(-7) + (-42)/98 a prime number?
True
Let t(y) = 4*y**2 - 23*y + 15. Let m(k) = -k**3 + 8*k**2 - 8*k + 7. Let s be m(7). Suppose 11*o + 27 - 203 = s. Is t(o) prime?
False
Suppose -5*l + h = -10360, 0 = 5*l - 3*h - 0*h - 10370. Suppose 4*z - l = 565. Suppose 0 = -5*f - 4*g - z + 4178, f - 701 = 2*g. Is f a composite number?
True
Let s be 3 - (-3 + (-20)/(-4)). Let g be (27/45)/(s/435). Suppose -g = -9*y + 774. Is y a composite number?
True
Let f be ((-2)/(-4))/(5/50). Suppose f*u = 4*y - 11535, 0 = -3*y + 2*y + 2*u + 2883. Is y prime?
False
Let r be (-2)/(2/(-20)*4). Let x(i) = 61*i**2 - 42*i + 208. Is x(r) a composite number?
False
Let n = 220 - 222. Is -1 + (-1887)/n - (-27)/(-18) prime?
True
Let h be 5 + -8 + 2 + 25. Let y be 65312/h + (-8)/(-3) + -2. Suppose -f - 36958 = -4*w, 6515 = w + f - y. Is w composite?
False
Let q(x) = 8393*x - 40. Suppose -y - 5 = -2*r + 5*r, 2*y - 4*r - 10 = 0. Is q(y) a composite number?
False
Let q(z) = -z**3 - z**2 + 23*z + 11. Let c be q(4). Suppose -16*l + c*l - 15547 = 0. Is l a prime number?
True
Let g = 149051 + -48546. Is g a composite number?
True
Let h = -7721 - -10042. Is h composite?
True
Suppose -145*z + 91654 = -143*z. Is z a prime number?
True
Let d(x) = -473*x**3 - 5*x**2 - 4*x. Let p be d(-2). Suppose -5*c - r - 4*r = -6320, r + p = 3*c. Is c composite?
False
Suppose 16*p = 4481 - 369. Let x be 2*(-1 - -2)*-5. Is (p - x)*(4/(-6) - -1) composite?
False
Let k be -7*(-1)/(-4) - (-6)/(-24). Is k/(-5)*10*2038 - 3 a prime number?
False
Let t = -239 - -241. Suppose 3*i + 4*k = 17637, -t*i - 3*k + 0*k + 11758 = 0. Is i a prime number?
True
Let d = 24 - 15. Let q be (-3 + 69/d)*(-4 + 1). Is q/42 + (-6692)/(-6) a prime number?
False
Suppose -w = 33*w - 356422. Is w prime?
False
Let s(j) = -79107*j + 3434. Is s(-25) a composite number?
True
Let s = -67 - -276. Suppose -s*g = -213*g + 1972. Is g a composite number?
True
Suppose -4*c - 255 = -10*o + 5*o, -5*o - 3*c = -255. Is (3 - -11)*(-2)/((-12)/o) a composite number?
True
Let l = -1420 + 9522. Suppose -3*c - b + l = -2*c, -5*c = -b - 40528. Is ((-1)/((-1)/2))/(10/c) a composite number?
False
Let v(d) = -d**2 + 14*d + 32. Let c be v(18). Let u = 40 + c. Suppose -11*s + s + 5870 = u. Is s prime?
True
Let q(l) = 6*l - 32. Let j be q(6). Is ((-5526)/27)/(j/(-30)) prime?
False
Suppose -s = -v - 904840, -4*s - 3*v + 1809715 = -2*s. Is s a composite number?
False
Let b be (-2568)/(-144) + (-1)/12*-2. Is 2/(-3)*(-18657)/b prime?
True
Let x = 3078 + -2103. Suppose 2*h - 185 - x = 0. Let u = h + -249. Is u prime?
True
Let s = 48184 + -19731. Is s a composite number?
True
Let q be (66/55)/(3/40). Suppose 10*k - 46 = -q. Is 1431*k - (-10 - -14) composite?
False
Is -15 - (3 + 7 - 520068) a composite number?
False
Suppose 48*a + 969569 - 1817719 = 1055482. Is a a composite number?
False
Let i(x) = 5*x + 2. Let j be (-26)/6 + (-3)/(-9) - -5. Let f be i(j). Let b(d) = 2*d**3 + 2*d**2 - 9*d + 13. Is b(f) a prime number?
False
Suppose 0 = -0*s + 6*s - 3*s. Suppose 2*p + 5*v = 1420, 0*p - 5*p + 4*v + 3484 = s. Suppose -p + 5207 = f. Is f composite?
False
Is ((-160)/48 - -3)/(1/(-106923)) a composite number?
True
Is (1 + (-17094)/10)/((312/(-65))/12) a prime number?
True
Let i = 3163 - 3101. Is i a composite number?
True
Let h(v) = v**3 + 18*v**2 - v - 35. Suppose 19 + 89 = -9*s. Is h(s) composite?
True
Let t = -86677 + 439124. Is t a composite number?
True
Suppose 2*k + 35 = -69. Let g = k - -51. Is (26/(-26))/(6416/6418 + g) a prime number?
True
Let v be 14/175 - (-108948)/25. Let c = -969 + v. Is c composite?
False
Suppose -97 = 5*a - 97. Is (3 - -185*1) + (3 - a) prime?
True
Suppose -3*n + 505*y - 508*y + 3595908 = 0, 5*n - y - 5993150 = 0. Is n a prime number?
False
Is ((-728)/(-195))/(-28) + (9046289/(-15))/(-7) a prime number?
False
Is (-2 - -4)/(4*6/223932) prime?
True
Let h = -1612 - -2754. Let x = h - 719. Suppose -7*f = -l - 3*f + 435, l - f = x. Is l a composite number?
False
Is (306/(-102))/((-3)/883561) a composite number?
True
Let j(l) = 13069*l - 249. Is j(8) a prime number?
False
Let h(y) be the third derivative of y**6/60 - y**5/10 - y**4/12 + 3*y**3/2 + 12*y**2 + 2. Is h(6) a prime number?
False
Is 660854233/695 + 6/(-15) a prime number?
True
Let x(j) = -j**3 - 8*j**2 - 25*j - 22. Let w be x(-29). Suppose -10*t = -14*t + w. Is t a composite number?
False
Suppose -4*u + 3*f + 78040 + 951925 = 0, 3*u + f = 772464. Is u prime?
True
Is 2*-81467*(-13)/26 composite?
True
Let i(g) = -2*g**3 + 25*g**2 + 19*g - 6. Let k be i(13). Let w = 425 - k. Is w a prime number?
True
Suppose -281*o = -107139604 - 314714737. Is o composite?
False
Let q = 10407 - 914. Is q a prime number?
False
Let z(j) = -402*j + 1206. Let f be z(3). Suppose 4*d + 2*n = 232, 135 - 35 = 2*d + 5*n. Suppose 3*l - d - 2598 = f. Is l a composite number?
True
Let s be ((-1932)/35 + 0)/((-9)/60). Is (s/32)/(-2 + 3034/1516) composite?
True
Suppose -2*r - 69 = y, 0 = y - 2*y - 4*r - 77. Let h = 100 + y. Suppose 8 + h = 5*g - k, 3*g = 2*k + 31. Is g prime?
False
Let x(j) = 337*j**2 - j - 4. Let t be x(2). Suppose 5*p = -t + 8327. Is p composite?
True
Let w(d) be the first derivative of -5 + d + 13*d**3 + 5/2*d**2. Is w(2) composite?
False
Let o(a) = 97976*a + 1731. Is o(2) a composite number?
False
Let j be 277 - ((-1)/3)/((-3)/(-45)). Is (j/(-12))/((-9)/666) a prime number?
False
Suppose -135 = -80*j + 71*j. Let k(i) = i**3 - 12*i**2 - 5*i + 11. Is k(j) a prime number?
False
Let x be (-20)/(-90) - (-168)/(-27). Let d = -57 + 29. Is (x - 76/(-8))/((-2)/d) a composite number?
True
Suppose 4*o - 5*w = 1099759, 0 = 5*o - 93*w + 89*w - 1374683. Is o prime?
True
Let x = 117 + -130. Let z(u) = u**3 + 12*u**2 - 14*u - 19. Let s be z(x). Is (-17885)/(-210) - (-1)/s a prime number?
False
Suppose 57*x - 79*x = -4290198. Is x prime?
False
Suppose 24030 = 18*l - 12402. Suppose l = 2*u + 2*g, -4*g + 190 - 3205 = -3*u. Is u a prime number?
True
Let r(o) = -9382*o - 297. Is r(-19) composite?
True
Let k be -1 + 28/20 + 3553/5. Let g = k - 449. Is g/27*6 + (-2)/9 prime?
False
Let u = 4581 + -2865. Let d = 4012 - u. Suppose 5*h = 1249 + d. Is h a composite number?
False
Suppose 0 = -54*q + 51*q + 29463. Let o = -2454 + q. Is o a composite number?
True
Suppose 4*q - 2*k = 3*q + 10, -5*q - k + 6 = 0. Is q/(-9) + (-10030)/(-18) prime?
True
Let i = 29301 + -19346. Let v = -6057 + i. Is v prime?
False
Let i = 249 + -245. Suppose -2*k + 3*l = -43906 - 9556, -5*k - i*l = -133655. Is k prime?
True
Let l(g) = g**3 - 33*g**2 - 3*g + 61. Let u(c) = 3*c**3 - 67*c**2 - 5*c + 123. Let h(j) = -5*l(j) + 2*u(j). Is h(-30) a composite number?
False
Suppose -2*m - 12322 + 1658 = -o, -3*o = -4*m - 31988. Let q = -16373 + o. Let n = -3532 - q. Is n a prime number?
False
Let h = 69463 + -30932. Is h composite?
True
Suppose -2*u + 22 = n + 16, -u + 10 = -3*n. Suppose 2*f - 561 = -5*r, u*f + 3*r - 7*r - 1192 = 0. Is f prime?
True
Let v = -216506 + 345159. Is v composite?
True
Let t be 9 + 5/1 + -4. Is (-16623)/(-45) + t - (-2)/(-5) a composite number?
False
Is ((-38431)/2)/((-183)/366) prime?
True
Suppose -4 = 2*x - 8. Suppose 4*u - 2042 = -2*z - 728, 0 = u + x*z - 336. Is u a composite number?
True
Suppose -33*o + 611 + 445 = 0. Suppose 0 = 36*x - o*x - 2344. Is x a prime number?
False
Let u be 1*2 - 6/8*-20. Suppose u*m - 70295 = -0*m. Is m a prime number?
False
Let x(d) = -d**2 - 19*d + 11. Suppose 7*g - 8*g = -13. Let p = g - 29. Is x(p) a prime number?
True
Suppose 3*j - 4*v = 738603 + 990904, 4*j + 3*v - 2305951 = 0. Is j a composite number?
False
Let x = 3656 + -1068. Let p = -1329 + x. Is p a prime number?
True
Let d be 0/((-3)/(6/(-2))). Suppose -24445 = -5*s + 3*g, d*s = 3*s - 4*g - 14667. Is s a prime number?
True
Suppose 3*a - 1186 = 4*k - 2*k, 2*a - 796 = -4*k. Let x = -4221 - -4235. L